is the units digit of l?
2
Suppose 0*f = -2*f - 278. Suppose 487 + 1577 = 8*j. Let c = j + f. What is the hundreds digit of c?
1
Suppose 9*n - 10 - 35 = 0. Suppose 0 = n*d - 10*d + 1820. What is the hundreds digit of d?
3
Suppose -699 = -4*z - 95. Suppose 147*i - z*i = -960. What is the tens digit of i?
4
Let r be (-3)/27*-3 + (-1324)/(-6). Let b = 146 + r. What is the tens digit of b?
6
Let m(b) = -b**2 + 1. Let n(l) = 2*l**2 + 11*l - 1. Let s(q) = 3*m(q) + n(q). Let f = -3310 + 3315. What is the units digit of s(f)?
2
Let b = 41 + -41. Suppose 4*i - 49 - 147 = b. Let l = -41 + i. What is the units digit of l?
8
Let y = 8063 + -4779. What is the units digit of y?
4
Suppose -5*q + 4*u + 89 = -200, -q + 5*u = -62. What is the tens digit of (418/q)/(2/72)?
6
Let f(l) = 119 - l - 90 - l. Let r be f(13). Suppose 2*v = 3*v + 4*d - 154, -793 = -5*v + r*d. What is the units digit of v?
8
Let m be (-2 - (-90)/63)*7/(-2). Suppose 3*a - 1403 = -m*d, -9*a - 4*d + 461 = -8*a. What is the hundreds digit of a?
4
Suppose -9*o = -21*o + 1164. Let r = -31 + o. What is the tens digit of r?
6
Let c = -339 - -761. Suppose 0 = 4*g + 5*k - 331, -4*g + 9*g - 2*k = c. What is the tens digit of g?
8
Let t = 797 - 797. Suppose 0 = -5*k - 0*d - 3*d + 6191, t = 2*k - 5*d - 2495. What is the hundreds digit of k?
2
Let q = -168 - -152. What is the hundreds digit of (7 - (-171)/(-24)) + (-5730)/q?
3
Let s = -327 - -589. Suppose -3*b + 4*c + 4 = 0, -5 = 2*b + 7*c - 2*c. Suppose b = 59*t - 61*t + s. What is the tens digit of t?
3
Let o(w) = 4616*w**3 + 16*w**2 - 58*w + 56. What is the units digit of o(2)?
2
Suppose -5*d + 7 = 2*c - 48, 5*c = -2*d + 1. Suppose 14*w - 445 = d*w. What is the tens digit of w?
4
Let s = -73440 - -117207. What is the tens digit of s?
6
Let n = -265 + 268. Suppose n*a - 456 = k, 5 = 4*k - 7. What is the units digit of a?
3
What is the thousands digit of ((-4632)/20)/((-2)/60)?
6
Suppose -120*v + 466154 + 1076926 = 0. What is the hundreds digit of v?
8
Suppose -2752256 = -202*h - 560152. What is the hundreds digit of h?
8
Suppose 16*w + 17381 = 136597. What is the tens digit of w?
5
Let j(v) = -4*v + 1. Let k be j(-1). Suppose 3*l - k*q - 847 = 0, 3*l - 2*l - q = 283. Let n = 423 - l. What is the tens digit of n?
3
Let n(r) be the first derivative of -r**4/4 - 17*r**3/3 - 8*r**2 + 5*r - 1. Suppose 287*h - 292*h = 80. What is the units digit of n(h)?
5
Let g = 27183 + -7456. What is the tens digit of g?
2
Suppose -3185*l + 3123*l + 3007248 = 0. What is the thousands digit of l?
8
Let a = -650 + 647. Let v(q) = 80*q + 23. Let l(c) = 20*c + 6. Let b(w) = -9*l(w) + 2*v(w). What is the tens digit of b(a)?
5
What is the tens digit of 6223 + (-1)/((-1)/(-4))?
1
Let q(y) = -4*y**2 + 4*y - 10. Let u be q(4). Let l = -49 - u. What is the tens digit of 24/l*(-1 + 2*14)?
7
Suppose k + 3*k = -0*k. Suppose k*n = -n + 2*n. Let a(l) = -3*l + 65. What is the tens digit of a(n)?
6
Let a(s) = -s + 2. Let d be a(-1). Let f be 9/6*-2 + 57 + 8. Suppose d*m - 85 - f = 0. What is the units digit of m?
9
Suppose -u + 3624 + 1723 = 5*z, 2*u + 4*z = 10670. What is the thousands digit of u?
5
Suppose -5*q + 58993 = -2*j, 59*j - 57*j - 11789 = -q. What is the ten thousands digit of q?
1
Let z(x) = 3*x**2 - 5 - 4*x**2 - 5 - x**2 - 7*x. Let t be z(-6). Let f = t - -43. What is the units digit of f?
3
Let y = 1793 - -1253. What is the thousands digit of y?
3
Let y = 26 + -23. Let x be (-3)/24 + y/24. Suppose w - j - 13 = x, -w + 3*j + 15 = j. What is the units digit of w?
1
Let j(w) = -6*w**3 - 27*w**2 - 198*w - 41. What is the thousands digit of j(-12)?
8
Let d = 2232 - 2214. Let q be (1 + -3)/(4/18). Let v = q + d. What is the units digit of v?
9
Let y(k) = -k**3 - 4*k**2 + 5*k + 2. Let r be y(-5). Suppose 5*h - 1080 = 5*g, h + 2*g + 213 = r*h. Let p = h + -92. What is the units digit of p?
7
Suppose 0 = 24*u - 28*u + 136. Suppose -35*p + u*p + 354 = 0. What is the units digit of p?
4
Suppose 130*w = -129*w + 3970211. What is the hundreds digit of w?
3
Suppose -6*d - 46 = -10*d + 2*o, -2*d - 3*o = -3. Suppose -d*t + 12410 = 8*t. What is the tens digit of t?
3
Let u(z) = -2*z - 2*z + z + 90 - 25. Let j be u(20). Suppose j*p - 5*k - 286 = 774, -4*p = -k - 857. What is the tens digit of p?
1
Suppose -23*g + 24*g - 2*u = 2932, 0 = 4*g - 2*u - 11704. What is the units digit of g?
4
Let k(c) = 6*c**2 - 28*c + 1021. What is the thousands digit of k(28)?
4
Suppose 533213 - 12869 = 5739*p - 5695*p. What is the hundreds digit of p?
8
Suppose -11*s - 65 + 769 = 0. Suppose 4*d + 201 = u, -2*d = u - 149 - s. What is the tens digit of u?
0
Suppose -7*c = -13 - 1. Suppose 0*m + 2*m = -c. What is the tens digit of m - (-110 + 12/4)?
0
Let c = 433 + -787. Let i = c + 603. What is the tens digit of i?
4
Let j = 167 + -171. Let g(b) = -33*b - 19. What is the units digit of g(j)?
3
Suppose 0 = 25*f - 268 - 182. Suppose 16*h = f*h - 1022. What is the hundreds digit of h?
5
What is the tens digit of 2471984/120 + (-10)/(-75)?
0
Let h(z) be the first derivative of z**4/4 + z**3/3 + z**2/2 - 149*z + 19. Let d be h(0). Let v = 268 + d. What is the units digit of v?
9
Let v be ((-27629)/21)/(4/(-24)). Suppose 27*s = 4337 + v. What is the hundreds digit of s?
4
Let z(t) = -92*t - 428. Let c be z(-6). Let j(y) = -6*y**2 + 3*y - 1. Let p be j(-3). Let x = c + p. What is the units digit of x?
0
Let b be (-15)/5 - (-1527)/(-3 + 0). Let c = 227 - b. What is the hundreds digit of c?
7
What is the tens digit of 20144/2 + (6*7/(-7) - -5)?
7
Let a(t) = 17*t**2 + 3*t + 2. Let y be a(-2). Let d be (y/(-10))/((-7)/70). Let v = 83 + d. What is the tens digit of v?
4
Let l = 12 + -7. Suppose 33*q - 29*q - 4840 = -4*f, -6050 = -l*f - 4*q. What is the thousands digit of f?
1
Let i = -37 + 38. Let h be (-1282)/(-5) + i + 28/(-20). Suppose a = d + 123, -2*d - h = -2*a + 2*d. What is the tens digit of a?
1
Let l be (0 + -5)*1 - (-12 - 0). Suppose -l*o - 9*o = -6096. What is the tens digit of o?
8
Suppose 2*g - 4*d = 41978, -6*g + 2*g - 3*d + 84011 = 0. What is the thousands digit of g?
0
Let l(c) be the third derivative of -c**6/30 - c**5/30 + c**4/12 + 4*c**3/3 + 108*c**2 + 7*c + 2. Suppose a + 3 = -0*a. What is the units digit of l(a)?
2
Let i be (99/(-6))/((-4470)/(-496) - 9). Let q = -74 - i. What is the tens digit of q?
9
Let j = -88 + 189. Let n = -201 - -114. Let b = j + n. What is the tens digit of b?
1
Let z be (2/6)/((-11)/(-693)*7). What is the units digit of ((-15793)/(-85))/(z/15)?
9
Suppose 2871 = 2*h + 3*r, 147*h - 152*h = -2*r - 7111. What is the units digit of h?
5
Let l(j) = -25*j - 149 - 222 + 81 + 14. What is the tens digit of l(-43)?
9
Let j be (-1)/((-5)/3975) - -4. Suppose -18*u - j = -4*z - 17*u, 216 = z + 3*u. What is the tens digit of z?
0
Let v = -263 + 274. Let p(b) be the third derivative of b**6/120 - 11*b**5/60 + b**4/8 - 19*b**3/6 - b**2. What is the tens digit of p(v)?
1
Let y(u) = -u**2 + 2*u + 4. Let w be y(6). Let k be -25*(2 - (-32)/w). Let v(i) = -i**3 - 10*i**2 - 13*i + 11. What is the tens digit of v(k)?
4
Suppose -821392 = 31*h - 135*h. What is the units digit of h?
8
Let k(w) = 24*w + 14 + 14*w + 11 - 2. Let z(f) = 19*f + 12. Let r(m) = 3*k(m) - 5*z(m). What is the hundreds digit of r(7)?
1
Let v be (2 - -6)*(196/8 - -3). Let n = 96 - v. Let b = n - -139. What is the tens digit of b?
1
Let h = -21 - -23. Let m(z) be the second derivative of 9*z**5/10 - z**3/3 + 2*z**2 - 44*z. What is the units digit of m(h)?
4
Suppose g + 2*z + 72 = 0, 78 = -g - 0*z + 4*z. Let o = 81 + 47. Let r = o + g. What is the units digit of r?
4
Let u = 247 + -441. Let h = 225 - u. What is the units digit of h?
9
Suppose -6 = -3*m + m. Let r be 2/5*(m + 2). Suppose -r*f - 4*l + 62 = 0, 0 = 4*f - l - 65 - 77. What is the units digit of f?
5
Let n = 92135 - 65184. What is the ten thousands digit of n?
2
Suppose 15*h + 8430 - 21555 = 0. Suppose 7*n = 4123 - h. What is the tens digit of n?
6
Let m = 2672 + -311. What is the hundreds digit of m?
3
Let y(v) = v**3 + 21*v**2 + 20*v + 37. Suppose q = -5*s - 9, -5*s = -2*s - 2*q - 5. Let g(h) = 17*h - 3. Let p be g(s). What is the tens digit of y(p)?
3
What is the units digit of (3172/(-182))/((-1)/833)?
8
Let c(h) be the third derivative of h**6/120 + h**5/6 + 5*